 2*v - 4. Determine q(1).
8
Let f(x) = -x**2 + 4*x + 1. Let n(t) = -5*t. Let o be n(-1). Suppose -5*c = o*g + 10, 5*g + 40 = 4*c + c. Let k = g + 8. Calculate f(k).
4
Suppose -4*o - 4 = -5*a + 10, 3*o + 22 = -2*a. Let p(m) = 3*m**2 + m**2 - 5*m**2 - 6*m + 6. What is p(o)?
6
Let j(c) be the third derivative of -c**4/24 + c**3/2 - c**2. What is j(0)?
3
Let r = -18 - -31. Let m(h) = -4*h**2 + 3*h**2 - 2*h - 18 + 7 + r. What is m(-4)?
-6
Let l(n) = -n + 1. Let w(i) = -8 + 7 - i**2 + 6*i - i + 2*i**2. Let b be w(-4). Determine l(b).
6
Let q(j) = -2*j**3 + j**2 + j. Let n(l) = 3*l**3 - l**2 - l. Let t(p) = -3*n(p) - 5*q(p). Let o = 6 - 4. Suppose o*x + 2 = -2. Determine t(x).
-12
Suppose -5 = -4*x - 3*j + 5, -3*j = x - 7. Let u(r) = 14*r**3 - r**2 + r - 1. What is u(x)?
13
Let f(k) be the second derivative of k**5/20 + k**4/2 + k**3/6 + 3*k**2 + 24*k. Determine f(-6).
0
Let w(j) = -j**3 - 4*j**2 - 2*j + 3. Let r be w(-3). Let y(k) be the first derivative of 1/2*k**2 + 7*k + 0*k**3 - 1/4*k**4 + 1. What is y(r)?
7
Let c(y) = -3*y**2 + 1. Let t(j) = -j**2 + 1. Let a(p) = -c(p) + 4*t(p). Determine a(0).
3
Let q(z) = 0*z - 4*z + 1 + 2*z. Suppose -4*m = 2*h - 3*m - 10, -5*m - 6 = -4*h. What is q(h)?
-7
Let w(b) = 2*b - 7. Let l(q) = q**3 - 2*q**2 + q + 4. Let n be l(2). Give w(n).
5
Let v be 2*-26*(-1)/4. Let n(d) = -v*d + 12*d + 1 + 2 + 0. What is n(-3)?
6
Let r(c) = -6*c + 10*c + 1 - 2*c**3 + c**3 - 3*c**2 - c**2. Determine r(-5).
6
Let n(w) be the second derivative of -19*w**4/12 - 11*w. Determine n(-1).
-19
Let l(o) be the third derivative of -3*o**6/40 - o**5/30 - o**4/12 - o**3/6 - 12*o**2. Determine l(-1).
8
Let n be (-17)/3*(-12)/4. Let m = n + -11. Let h(c) = c**2 - 3*c - 6. Give h(m).
12
Let t(o) = -10*o - 22. Let w(f) = 7*f + 15. Let q(k) = 5*t(k) + 7*w(k). Give q(-6).
1
Let c(v) = -v**2 + 2*v - 1. Let p(g) = -g - 8. Let m be p(-9). What is c(m)?
0
Let a(j) = -j - 1. Let q(w) = 4*w + 5. Let x = 17 - 20. Let o(n) = x*a(n) - q(n). Suppose l + 15 = 4*l. Give o(l).
-7
Let i(q) be the third derivative of -q**6/120 - q**5/60 - 7*q**3/3 - 4*q**2. Determine i(0).
-14
Let w(y) = -y**2 - 5*y + 2. Let c be w(-4). Let p(i) = i**2 - 7*i + 6. What is p(c)?
0
Let j be 160/10*2/4. Let i(b) = b**3 - 8*b**2 + 2. Give i(j).
2
Let s be 210/28*(-8)/10. Let o(l) be the second derivative of l**5/20 + l**4/2 + l**3/6 + 2*l**2 + l. Give o(s).
-2
Let y(l) be the second derivative of 3*l - 3/2*l**2 + 0 + 1/6*l**3. Suppose 20 - 8 = 4*b. What is y(b)?
0
Suppose 0 = -f + 1 - 3. Let n(u) = -u**2 + u - 1. Determine n(f).
-7
Suppose -1 = t + x - 6, 3*t = 3*x - 3. Let v(h) = -t*h - h + 0*h. Suppose 0 = 3*a + 3*f + 8 + 1, a = 2*f + 9. Determine v(a).
-3
Let g(r) = -9*r. Let y(t) = t**3 - 2. Let i be y(0). Let h be g(i). Let f be -1 + 1 + h/6. Let n(v) = v**3 - 3*v**2 + v + 1. Give n(f).
4
Let w(y) = 7*y**3 - 2*y**2 + 2*y - 1. Let p be 10*(-1 + -1)/4. Let c = -4 - p. Determine w(c).
6
Let j be 6 - 9 - 1*2. Let l(v) = v + 1. Let g(f) = -4*f - 10. Let w(q) = j*l(q) - g(q). Determine w(7).
-2
Suppose -c = -3*c. Let j be c - (1*-7 - -2). Let f(l) = -5 + 5*l + j. What is f(2)?
10
Suppose 0*a + 14 = -2*a. Let v = a + 9. Suppose -o + 1 = v*j - 1, 0 = -2*o + 4. Let r(d) = d**3 + d - 9. Determine r(j).
-9
Let r(c) be the second derivative of -2*c**4/3 + c**3/6 - c. Suppose -4*l - l = -4*p + 9, 4*p - l = 5. What is r(p)?
-7
Let u(j) = -j + 16. Suppose 0 = -2*z + 4*o + 3 + 9, 4*z = -4*o - 12. Determine u(z).
16
Let f(q) = -5*q**3 + 4*q**2 - 20*q - 26. Let m = -15 + 18. Let l(p) = -2*p**3 + p**2 - 7*p - 9. Let o(n) = m*f(n) - 8*l(n). Let z = -1 + -3. What is o(z)?
10
Let i(l) be the third derivative of -l**5/60 - l**4/4 - l**3/3 + 75*l**2 - 1. Suppose 4*o = 5*p - 29, 0 = -o - 2*o + 3*p - 21. Give i(o).
-2
Let q(l) = l - 4. Let y be (1 - 1)/(-20 + 19). What is q(y)?
-4
Let h(l) = l**2 + 3*l + 1. Suppose -u = -2*a + 4*u + 29, -5*a = 4*u + 10. Let k(g) = -g**a - 4 - g + 0*g**2 - 3*g + 3*g. Let b be k(0). What is h(b)?
5
Let f(k) = k**3 + 6*k**2 + 4*k + 6. Let q(y) = 5*y**3 - 2*y**2 + 1. Let d be q(1). Suppose 2*l + h + h = -20, d*h + 20 = 0. What is f(l)?
11
Let s(q) = q**3 + 4*q**2 + 2*q + 1. Let i be s(-3). Let t = i + -2. Let f(h) = -5*h + 3*h**t - 4 - 4*h**2 - h. What is f(-4)?
4
Let m be 1/(-2)*(4 - -2). Let n(w) = 4*w**3 - 9*w**2 - 4*w + 9. Let a(l) = -3*l**3 + 8*l**2 + 3*l - 8. Let x(u) = 5*a(u) + 4*n(u). Calculate x(m).
8
Let a be ((-2)/5)/((-12)/10). Let i(d) be the second derivative of 0 + 1/6*d**3 - 2*d + 2*d**2 + a*d**4 - 1/20*d**5. What is i(4)?
8
Let u(h) = 3*h**2 - 2*h + 1. Let c = -8 - -8. Suppose 5*p - 7*p - 2 = c. Let x(o) = -2*o**3 + o. Let q be x(p). Give u(q).
2
Let c(u) = -3*u + 1. Let x(m) = -10*m + 4. Let s(r) = 7*c(r) - 2*x(r). Let a be ((-5)/2 - -2)*-6. What is s(a)?
-4
Suppose 10 = m - 2. Let i = m + -15. Let v(l) = l. Calculate v(i).
-3
Suppose -11*p + 6 = 50. Let c(l) = 3*l + 1. Let j(s) = 7*s + 2. Let t(v) = 9*c(v) - 4*j(v). Give t(p).
5
Let a(u) be the second derivative of -1/6*u**4 + 2*u**2 + 0 - 2/3*u**3 - 5*u. Calculate a(-4).
-12
Let q(m) be the third derivative of -m**5/60 + 7*m**4/24 + 7*m**3/6 - 6*m**2. Determine q(7).
7
Let x(t) = -2*t - 12. Suppose 4*p + 42 = -2*h, 0*h + 23 = -p - 3*h. Determine x(p).
4
Suppose -15 = 3*o + 3*f, -5*f - 9 = 2*o + 4. Let r(y) = y**3 + 5*y**2 + 7*y + 4. Give r(o).
-8
Suppose -3 + 7 = -4*v + 4*x, 5*x + 45 = -5*v. Let p(m) = 5*m**2 - 9. Let f(l) = -3*l**2 + 6. Let w(y) = v*p(y) - 8*f(y). Give w(0).
-3
Let a = -21 + 21. Suppose -s + 3*s + 10 = a. Let f(k) be the first derivative of -k**2 - 7*k + 1. Give f(s).
3
Let g(o) = -o**3 - 7*o**2 - 8*o - 9. Let t be g(-6). Suppose -2*a = t*a - 5. Let k(s) = -7*s - 1. Give k(a).
-8
Let p = -13 + 7. Let i(f) = -2*f - 1. Give i(p).
11
Let o(a) = -a**2 + a - 1. Let h(k) = -16*k**2 + 5*k - 4. Let d(z) = h(z) - 5*o(z). Determine d(1).
-10
Let k(o) = -3 - 6*o - 3 - 1 - o**2. Give k(-6).
-7
Suppose 0*u = -4*u - 3*m + 15, 5*u - 20 = -5*m. Let a(g) = g**2 + g. Give a(u).
12
Suppose 5*y - 12 = -3*h + 2*y, 5*h - 23 = -2*y. Suppose 5 = 5*w - h. Let o(x) = -2*x**2 + 3*x - 3. Calculate o(w).
-5
Let u(j) = j + 3. Let x(t) = 1. Let l(c) = u(c) + 2*x(c). Let b be l(-5). Suppose b*d = d - 4. Let z(g) = 2*g - 5. What is z(d)?
3
Let p(z) = 4*z**3 + 11*z**2 + 2*z - 6. Let v(t) = 5*t**3 + 12*t**2 + t - 6. Let w(r) = -6*p(r) + 5*v(r). Let b be -1*28/(-8)*2. Determine w(b).
6
Let o(j) = 6*j**2 - j + 2. Let m(s) = -24*s**2 + 5*s - 9. Let u(i) = 2*m(i) + 9*o(i). What is u(-1)?
5
Let o(u) = 3*u**2 - 1 - 6*u**2 - 2*u + 0 + 2*u**2. What is o(-1)?
0
Let h(o) = -o + 7. Suppose -3*a - 10 = 4*y, 2*y = -2*a + 2 - 10. What is h(a)?
13
Let g be (8 + -4)*(-5)/(-4). Suppose 10*m - g*m = 10. Let x(l) = -4*l**m + 3 + 5*l**2 - 7 + 0*l**2. Calculate x(-3).
5
Let w = 3 + 1. Suppose w*r + r = 5. Let g(a) = -19*a**2 + 3. Let s(c) = -13*c**2 + 2. Let j(t) = 5*g(t) - 7*s(t). Determine j(r).
-3
Let t(p) = 0*p**2 + 3*p**2 + 8*p - 5 - 4*p**2. Suppose -i = -0 - 2. Suppose 2*k = 2*j - 4 + 2, i*j + 4 = 4*k. Calculate t(j).
11
Suppose -4*t - 3 = -u, 0 = 3*u + 2*t + 3 - 12. Let m(q) be the second derivative of 0 + q**2 - 2*q + 1/6*q**3. Determine m(u).
5
Let p be 10*1/(-4)*(3 + -1). Let u(w) = -14*w**2 - 26*w + 5. Let d(s) = s**2 - 14*s + 5*s - 6*s**2 + 2. Let k(x) = -11*d(x) + 4*u(x). Give k(p).
-2
Let j(k) = k**3 + 4*k**2 + 2*k - 2. Let q = -1 - -4. Suppose q*i = -d + 2*d - 5, -5*i = 4*d + 14. Let n = -1 + d. Give j(n).
2
Let s(i) = 7*i**3 - 7*i**2 - 8*i + 3. Let k(r) = 15*r**3 - 14*r**2 - 16*r + 6. Let a(t) = 6*k(t) - 13*s(t). What is a(8)?
-3
Let v(z) be the third derivative of 0 - 2*z**2 - 1/6*z**3 + 0*z + 5/24*z**4 - 1/120*z**6 + 1/15*z**5. Give v(5).
-1
Let q(w) be the third derivative of -w**6/120 + w**5/12 - 5*w**4/24 - 2*w**3/3 - 10*w**2. Determine q(4).
-8
Let a(p) = -p**2 - 4*p + 1. Let b be a(-4). Let t be (2 + -1)/(b*-1). Let v(o) = -o**2 - 1. Let q be v(t). Let x(j) = -2*j. Determine x(q).
4
Let d(p) = -p**2 - 4*p - 4. Let o(k) = 4*k + 4*k + 4 - 7*k. Let v be o(-8). What is d(v)?
-4
Suppose 183 = -0*t - 5*t - 2*o, -5*t = -2*o + 167. Let d be 6/2 - t/(-7). Let x(p) = 2*p. Calculate x(d).
-4
Let a(u) be the second derivative of u**6/360 + u**5/60 - u**4/12 - 3*u. Let r(t) be the third derivative of a(t). Give r(-2).
-2
Let a(